Let h = g + u. Calculate the highest common divisor of h and 14.
14
Suppose 115 = 2*m + 35. Calculate the highest common divisor of m and 10.
10
Let o be (1 - 7) + 4 - -9. What is the greatest common divisor of 49 and o?
7
Suppose 0 = -7*q + 3*q - 2*g + 32, -2*q - 5*g = -16. Let v = -4 + q. What is the greatest common factor of 2 and v?
2
Let k be ((-2)/(-2))/((-4 + 0)/(-24)). What is the greatest common divisor of k and 6?
6
Suppose 12 = -4*t + 3*x + 59, -50 = -5*t - 5*x. Let c = 19 - -80. What is the highest common divisor of t and c?
11
Suppose -2*d = 8 - 36. Let m be (70/30)/(2/132). Calculate the highest common factor of m and d.
14
Let n be 12/(-7)*(-5 - 95/2). What is the greatest common factor of 15 and n?
15
Let i(u) = -12*u. Let n be i(-1). Calculate the greatest common divisor of n and 30.
6
Suppose -3*r + 2*t = -518, 4*r = t + 693 + 6. What is the highest common divisor of 16 and r?
16
Let o = 115 + -40. Let y be 6/33 - 2/11. Suppose y*k + 45 = 3*k. Calculate the highest common factor of k and o.
15
Let w be (2 + (-15)/6)*-58. What is the greatest common divisor of 29 and w?
29
Let v be -12*(-12 + 0 + -3). Let a be 1/(3/v*1). Calculate the highest common factor of a and 40.
20
Let y be (-2)/13 - (-12)/78. Let c = 57 + y. Calculate the greatest common factor of 38 and c.
19
Let g(d) = 8*d - 3. Let r(p) = p**2 + 9*p - 16. Let l be r(-11). Let y be g(l). What is the greatest common factor of 18 and y?
9
Suppose 4*v - 212 = -2*y, 0 = -3*y + 2*y + 3*v + 101. What is the greatest common divisor of 26 and y?
26
Let p(y) = 2 + 4*y - y - 2*y + y. Let g be p(3). Calculate the greatest common factor of 72 and g.
8
Suppose 3*n = -7*n + 120. Calculate the greatest common divisor of n and 60.
12
Let m(l) = l**3 + 5*l**2 - l - 4. Suppose -o - o = 10. Let d be m(o). Calculate the greatest common divisor of 9 and d.
1
Suppose -4*z - j = -319, 4*z - 3*j = 320 + 3. What is the highest common divisor of 32 and z?
16
Suppose 3*o + 0*n + 5*n + 9 = 0, -8 = -o + 2*n. Suppose -o*l + 6*l = -40. Let d = 6 - l. Calculate the highest common divisor of d and 32.
16
Let l = 9 + 8. Suppose -223 = -5*y + l. Suppose 24 + 4 = 3*t + 5*z, -4*t + y = -4*z. Calculate the highest common divisor of 1 and t.
1
Let j be (0 - 2/9) + 725/225. Suppose 6*s = s + 20. Suppose 1 = s*b - 3. Calculate the highest common divisor of j and b.
1
Let w = 17 - -3. Suppose 4*o - w = 2*o. Calculate the greatest common factor of 80 and o.
10
Suppose -2 = v - 14. Suppose -v = -4*m - 0. Calculate the highest common factor of 3 and m.
3
Let o be (6/(-4))/((-3)/24). What is the highest common divisor of 132 and o?
12
Let b = 16 - -6. What is the greatest common factor of 176 and b?
22
Suppose 2*h + 0*h = -4*p + 1160, 3*p = -4*h + 880. Calculate the greatest common divisor of 36 and p.
36
Let n be (-4 - -22)/(-1 + 2). Calculate the highest common factor of 9 and n.
9
Suppose 43 = -4*z - 2*j + 11, 0 = -4*j. Let m(g) = -g**3 - 8*g**2 - g + 2. Let i be m(z). Calculate the greatest common factor of 25 and i.
5
Let o(j) = -2*j - 3. Let y = 22 - 34. Let k be o(y). What is the highest common factor of 3 and k?
3
Let m(u) = 10*u + 2. Let g be m(2). Suppose -o + 2 + 53 = 0. What is the greatest common divisor of g and o?
11
Suppose -114*s + 116*s - 18 = 0. Suppose -7*n = -4*n - 18. What is the greatest common divisor of s and n?
3
Let y(d) = 26*d + 2. Let i be y(3). Let l(w) = 5*w**2 - 12*w - 1. Let k be l(3). Calculate the highest common divisor of i and k.
8
Let h = 16 - 5. Let j(m) = -11*m**2 + 3. Let k be j(3). Let c be (-2)/(-2) - k - -2. Calculate the highest common divisor of h and c.
11
Suppose -9*d + 5*d + 76 = 0. Let p = 28 - d. Calculate the greatest common divisor of p and 81.
9
Suppose 10 = -3*d + 4. Let o be 2 + (12 - 2) + d. Suppose 3*r - 15 = -0*r. Calculate the highest common divisor of r and o.
5
Let t(y) = 95*y**3 + y. Let h be t(1). Calculate the highest common divisor of h and 12.
12
Let z = -29 + 34. Calculate the highest common factor of z and 25.
5
Let t = 16 - 10. What is the greatest common divisor of t and 2?
2
Let r be -12*(1/(-3))/1. Suppose -2*k + 152 = -4*s, 312 = r*k - s - 3*s. What is the highest common divisor of 8 and k?
8
Let g = 12 - -44. Calculate the highest common factor of g and 8.
8
Suppose g - 3*g + 4*v + 28 = 0, g - 5*v = 14. What is the greatest common divisor of 28 and g?
14
Suppose -3*g + 6*g - 3*v = -6, -2*g + 6 = 3*v. Suppose g = -8*p + 3*p + 20. Calculate the greatest common factor of 10 and p.
2
Let q be (41/(-2))/(-1)*2. Let w be 1/(-6) + 745/(-30). Let c = q + w. Calculate the highest common divisor of 2 and c.
2
Suppose 3*c - 2*c = 4. Suppose -c*b - 74 = 2. Let h be 2/(-2)*-1 - b. Calculate the greatest common divisor of h and 140.
20
Suppose -4*b = -j - 273, -3*b + j - 2*j + 203 = 0. Calculate the highest common factor of 17 and b.
17
Let s(m) = -6*m - 4. Let p be s(-4). Suppose 3*g + 3*l = -l + 22, -3*g - 2*l + p = 0. Calculate the greatest common divisor of g and 12.
6
Let l = -38 - -48. What is the greatest common factor of l and 80?
10
Suppose 7*i - 240 = 3*i. Suppose 3*n = 1 + 35. What is the highest common factor of n and i?
12
Let s(q) = -13*q**3. Let j be s(-1). Let b(f) = 22*f - 1. Let x be b(-5). Let m = x + 254. Calculate the greatest common factor of m and j.
13
Let k(y) = -y**2 + 144 - 5*y + 3*y + 2*y. Let l be k(0). What is the highest common factor of 18 and l?
18
Suppose t - 3*x = 150, 835 = 5*t - x + 29. What is the highest common divisor of t and 18?
18
Suppose -u = 4*k - 65, k - 4*u - 25 - 4 = 0. Suppose 415 = 3*n + 2*x + 54, -2*n = x - 240. What is the greatest common divisor of n and k?
17
Suppose -3*x - 15 = 0, 2*x - 330 = -4*q + 40. Let a be (2 + (-45)/(-6))*2. Calculate the highest common factor of a and q.
19
Suppose -98 = -3*r - 17. What is the greatest common factor of 189 and r?
27
Let n(z) be the first derivative of -z**4/4 + 5*z**3/3 - z**2/2 - z + 1. Let g be n(3). Calculate the greatest common divisor of 98 and g.
14
Suppose 4*o + 0*o = 0. Suppose o*g = -4*g + 220. What is the highest common factor of g and 11?
11
Suppose 5*b - 40 - 40 = 0. What is the highest common factor of b and 176?
16
Suppose -4*i - i + 62 = -2*f, 3*i - f - 37 = 0. What is the greatest common divisor of 48 and i?
12
Suppose -5*m = 4*t - 33, -5*t + 2*t - 14 = -4*m. Calculate the greatest common divisor of t and 2.
2
Suppose 214 + 286 = 2*s - 5*n, -5*s + 1223 = n. Calculate the greatest common factor of s and 98.
49
Let p = -44 - -101. Suppose -3*f + 24 = -p. What is the highest common factor of 3 and f?
3
Suppose -93 + 393 = 5*a. Suppose -2*u - 5 = -13. Suppose -3*b + 14 = -4*m, b - 4*m = u - 10. Calculate the greatest common divisor of a and b.
10
Let t(k) = 4*k**3 - 11*k**2 - 11*k + 6. Let b be t(6). What is the highest common divisor of 51 and b?
51
Let p = 402 + -287. What is the highest common divisor of 46 and p?
23
Let j(c) = 2*c - 24. Let u be j(23). Calculate the greatest common divisor of 55 and u.
11
Suppose -2*q + 80 = 2*q. Suppose -3*r + 90 = -0*r. Calculate the highest common divisor of q and r.
10
Suppose 945 = 3*k + 4*k. Suppose 7 = n - 8. Calculate the highest common factor of n and k.
15
Let o be (16/(-3))/((-6)/27). Suppose 5*k = -20, 52 = 4*t - 2*k + 5*k. Calculate the greatest common factor of o and t.
8
Let z(v) = -2*v**2 + 4*v - 3. Let n be z(2). Let p be (n/4)/((-2)/8). What is the greatest common factor of 9 and p?
3
Suppose -3*o + 58 = -8*b + 3*b, 13 = 3*o + 4*b. Let t = -6 - -24. Let n = t - o. Calculate the greatest common factor of n and 77.
7
Suppose -2*q - 94 = 3*i + 3*q, 3*q - 106 = 4*i. Let h be i*(4/(-7) - 2). Calculate the greatest common divisor of 18 and h.
18
Let k = 11 + -6. Suppose 0 = -k*j + 16 + 19. Calculate the greatest common divisor of 21 and j.
7
Suppose 6*a - 895 = 401. Let u be (-160)/(-6) + (-2)/(-6). What is the highest common factor of u and a?
27
Let m(n) = n**3 + 28*n**2 + 41*n - 6. Let u be m(-26). What is the greatest common divisor of u and 35?
35
Suppose -5*s + 5*c = -0*s - 400, 236 = 3*s - 4*c. Let k(t) = -2*t. Let a be k(-6). What is the highest common divisor of s and a?
12
Suppose -k + 14 = l, 0 = -5*l + 3*k - 41 + 111. Calculate the greatest common factor of 49 and l.
7
Let t(f) = 